{"id":158,"date":"2024-04-13T00:15:36","date_gmt":"2024-04-12T22:15:36","guid":{"rendered":"https:\/\/equilibreencorps.com\/?page_id=158"},"modified":"2025-10-09T22:58:08","modified_gmt":"2025-10-09T20:58:08","slug":"3-4-les-declinaisons-de-lortho-bionomy-seance-atelier-evenements-les-evenements","status":"publish","type":"page","link":"https:\/\/equilibreencorps.com\/index.php\/3-4-les-declinaisons-de-lortho-bionomy-seance-atelier-evenements-les-evenements\/","title":{"rendered":"Ev\u00e8nements"},"content":{"rendered":"<h1><strong><em> Les \u00e9v\u00e8nements\u2026<\/em><\/strong><\/h1>\n<h2><strong>\u00a0 \u00a0 \u00a0 \u00a0 \u00a0 \u00a0 \u00a0 \u00a0 \u00a0 \u00a0 \u00a0 \u00a0 \u00a0 \u00a0 \u00a0 \u00a0 \u00a0 \u00a0 \u00a0 \u00a0 \u00a0 \u00a0 \u00a0<\/strong><strong>\u00a0 \u00a0 \u00a0 \u00a0 \u00a0 \u00a0 \u00a0 <\/strong><strong><img loading=\"lazy\" decoding=\"async\" class=\"alignnone wp-image-159\" src=\"https:\/\/equilibreencorps.com\/wp-content\/uploads\/2024\/04\/VERDUN-1-300x225.jpg\" alt=\"\" width=\"165\" height=\"124\" srcset=\"https:\/\/equilibreencorps.com\/wp-content\/uploads\/2024\/04\/VERDUN-1-300x225.jpg 300w, https:\/\/equilibreencorps.com\/wp-content\/uploads\/2024\/04\/VERDUN-1-1024x767.jpg 1024w, https:\/\/equilibreencorps.com\/wp-content\/uploads\/2024\/04\/VERDUN-1-768x575.jpg 768w, https:\/\/equilibreencorps.com\/wp-content\/uploads\/2024\/04\/VERDUN-1-1536x1150.jpg 1536w, https:\/\/equilibreencorps.com\/wp-content\/uploads\/2024\/04\/VERDUN-1-2048x1534.jpg 2048w, https:\/\/equilibreencorps.com\/wp-content\/uploads\/2024\/04\/VERDUN-1-600x450.jpg 600w\" sizes=\"auto, (max-width: 165px) 100vw, 165px\" \/> les salons<\/strong><\/h2>\n<h3><strong>\u00a0 \u00a0 \u00a0 \u00a0 \u00a0 \u00a0 \u00a0 \u00a0 \u00a0 \u00a0 <img loading=\"lazy\" decoding=\"async\" class=\"\" src=\"https:\/\/equilibreencorps.com\/wp-content\/uploads\/2024\/04\/photos-1.jpeg\" width=\"65\" height=\"87\" \/>les portes ouvertes, <\/strong><\/h3>\n<h2><strong>\u00a0 \u00a0 \u00a0 \u00a0 \u00a0 \u00a0 \u00a0 \u00a0 \u00a0 \u00a0 \u00a0 \u00a0 \u00a0 \u00a0 \u00a0 \u00a0 \u00a0 \u00a0 \u00a0 \u00a0 \u00a0 \u00a0 \u00a0 \u00a0 \u00a0 \u00a0 \u00a0 \u00a0 \u00a0 \u00a0 \u00a0 \u00a0 \u00a0 \u00a0 \u00a0 \u00a0 \u00a0 \u00a0 \u00a0 \u00a0 \u00a0 \u00a0 \u00a0 \u00a0 \u00a0 \u00a0 \u00a0 \u00a0 \u00a0 \u00a0 \u00a0 \u00a0 \u00a0 \u00a0 \u00a0 \u00a0les march\u00e9s, <\/strong><\/h2>\n<h3><strong>\u00a0 \u00a0 \u00a0 \u00a0 \u00a0 \u00a0 \u00a0 \u00a0 \u00a0 \u00a0 \u00a0 \u00a0 \u00a0 \u00a0 \u00a0 \u00a0 \u00a0 \u00a0 \u00a0 \u00a0 \u00a0 \u00a0 \u00a0 \u00a0 \u00a0 \u00a0 \u00a0 \u00a0 \u00a0 \u00a0 \u00a0 \u00a0 \u00a0 \u00a0 \u00a0 \u00a0 \u00a0 \u00a0 les journ\u00e9es de pr\u00e9vention<\/strong><strong>\u00a0 \u00a0 \u00a0<\/strong><\/h3>\n<h2><strong>\u00a0 \u00a0 \u00a0 \u00a0 \u00a0 \u00a0 \u00a0 \u00a0 \u00a0 \u00a0 les actions commer\u00e7antes de Verdun, <\/strong><\/h2>\n<h2><strong>\u00a0 \u00a0 \u00a0 \u00a0 \u00a0 \u00a0 \u00a0 \u00a0 \u00a0 \u00a0 \u00a0 \u00a0 \u00a0 \u00a0 \u00a0 \u00a0 \u00a0 \u00a0 \u00a0 \u00a0 \u00a0 \u00a0 \u00a0 \u00a0 \u00a0 \u00a0 \u00a0 \u00a0 \u00a0 \u00a0 \u00a0 \u00a0 \u00a0 \u00a0 \u00a0 \u00a0 \u00a0 \u00a0 \u00a0 \u00a0 \u00a0 \u00a0 \u00a0 \u00a0 \u00a0 \u00a0<\/strong><strong>l<\/strong><strong>es conf\u00e9rences,<\/strong><\/h2>\n<h1><strong>\u00a0 \u00a0 \u00a0 \u00a0 \u00a0 \u00a0 \u00a0 \u00a0 \u00a0 \u00a0 \u00a0 \u00a0 \u00a0 \u00a0 \u00a0 \u00a0 \u00a0 \u00a0 \u00a0 \u00a0 \u00a0 \u00a0 \u00a0 \u00a0 \u00a0 \u00a0 \u00a0 \u00a0 \u00a0 \u00a0 \u00a0 \u00a0 \u00a0 \u00a0 \u00a0 \u00a0 \u00a0 \u00a0 \u00a0 \u00a0 \u00a0 \u00a0 \u00a0 \u00a0 \u00a0 \u00a0 \u00a0 \u00a0les formations,<\/strong><\/h1>\n<h1><strong>\u00a0 \u00a0 \u00a0 \u00a0 \u00a0 \u00a0 \u00a0 \u00a0 \u00a0 \u00a0 \u00a0 \u00a0 \u00a0 \u00a0 \u00a0 \u00a0 \u00a0 \u00a0 \u00a0 \u00a0 <img loading=\"lazy\" decoding=\"async\" class=\"\" src=\"https:\/\/equilibreencorps.com\/wp-content\/uploads\/2025\/05\/Affiche-programmes-6-mois.pdf-Votre-story-3-pdf.jpg\" width=\"110\" height=\"195\" \/>les offres,\u00a0 \u00a0 \u00a0 \u00a0 \u00a0 \u00a0 \u00a0 \u00a0 \u00a0 \u00a0 \u00a0 \u00a0 \u00a0 \u00a0 \u00a0 \u00a0 \u00a0 \u00a0 \u00a0 \u00a0 \u00a0 \u00a0 \u00a0<img loading=\"lazy\" decoding=\"async\" class=\"\" src=\"https:\/\/equilibreencorps.com\/wp-content\/uploads\/2024\/04\/20230114_121214-scaled.jpg\" width=\"71\" height=\"94\" \/>les ateliers\u2026<\/strong><\/h1>\n<p>&nbsp;<\/p>\n<h1 style=\"text-align: left;\"><strong><em><u><img loading=\"lazy\" decoding=\"async\" class=\"alignnone wp-image-36\" src=\"https:\/\/equilibreencorps.com\/wp-content\/uploads\/2023\/06\/FOND-SAND-DOLLAR-212x300.png\" alt=\"\" width=\"28\" height=\"39\" srcset=\"https:\/\/equilibreencorps.com\/wp-content\/uploads\/2023\/06\/FOND-SAND-DOLLAR-212x300.png 212w, https:\/\/equilibreencorps.com\/wp-content\/uploads\/2023\/06\/FOND-SAND-DOLLAR-724x1024.png 724w, https:\/\/equilibreencorps.com\/wp-content\/uploads\/2023\/06\/FOND-SAND-DOLLAR-768x1086.png 768w, https:\/\/equilibreencorps.com\/wp-content\/uploads\/2023\/06\/FOND-SAND-DOLLAR-1086x1536.png 1086w, https:\/\/equilibreencorps.com\/wp-content\/uploads\/2023\/06\/FOND-SAND-DOLLAR-1448x2048.png 1448w, https:\/\/equilibreencorps.com\/wp-content\/uploads\/2023\/06\/FOND-SAND-DOLLAR.png 1654w\" sizes=\"auto, (max-width: 28px) 100vw, 28px\" \/> Ev\u00e8nements \u00e0 venir\u2026<\/u><\/em><\/strong><\/h1>\n<p>&nbsp;<\/p>\n<ul>\n<li>\n<h2><strong><em>nouvelle Offre d&rsquo;accompagnement : d\u00e9part d\u00e9but juin!! nouveau d\u00e9part d\u00e9but septembre!!<\/em><\/strong><\/h2>\n<\/li>\n<\/ul>\n<h3><strong><em>\u00a0<\/em><\/strong><\/h3>\n<h3><strong><em>6 mois pour \u00ab\u00a0Se lib\u00e9rer et pouvoir rayonner sa lumi\u00e8re\u00a0\u00bb<\/em><\/strong><\/h3>\n<h3><strong><em><img loading=\"lazy\" decoding=\"async\" class=\"aligncenter\" src=\"https:\/\/equilibreencorps.com\/wp-content\/uploads\/2025\/05\/Affiche-programmes-6-mois.pdf-Votre-story-3-pdf.jpg\" width=\"368\" height=\"655\" \/><\/em><\/strong><\/h3>\n<p>&nbsp;<\/p>\n<ul>\n<li>Verdun : March\u00e9 hebdomadaire le&#8230;<\/li>\n<\/ul>\n<h1 style=\"text-align: left;\"><strong><em><img loading=\"lazy\" decoding=\"async\" class=\"alignnone wp-image-36\" src=\"https:\/\/equilibreencorps.com\/wp-content\/uploads\/2023\/06\/FOND-SAND-DOLLAR-212x300.png\" alt=\"\" width=\"28\" height=\"40\" srcset=\"https:\/\/equilibreencorps.com\/wp-content\/uploads\/2023\/06\/FOND-SAND-DOLLAR-212x300.png 212w, https:\/\/equilibreencorps.com\/wp-content\/uploads\/2023\/06\/FOND-SAND-DOLLAR-724x1024.png 724w, https:\/\/equilibreencorps.com\/wp-content\/uploads\/2023\/06\/FOND-SAND-DOLLAR-768x1086.png 768w, https:\/\/equilibreencorps.com\/wp-content\/uploads\/2023\/06\/FOND-SAND-DOLLAR-1086x1536.png 1086w, https:\/\/equilibreencorps.com\/wp-content\/uploads\/2023\/06\/FOND-SAND-DOLLAR-1448x2048.png 1448w, https:\/\/equilibreencorps.com\/wp-content\/uploads\/2023\/06\/FOND-SAND-DOLLAR.png 1654w\" sizes=\"auto, (max-width: 28px) 100vw, 28px\" \/> &#8230;Ev\u00e8nements pass\u00e9s :<\/em><\/strong><\/h1>\n<p>Verdun : intervention\u00a0\u00a0\u00e0 Meuse Entreprendre et adh\u00e9sion \u00e0 la CPME en avril<\/p>\n<p>Verdun : March\u00e9 hebdomadaire les 7 mars, 9 mai 2025<\/p>\n<p>Verdun : d\u00e9m\u00e9nagement dans nos nouveaux locaux : Le centre Holis&rsquo;team le 1er novembre 2024<\/p>\n<p>Verdun : Village de la pr\u00e9vention et du d\u00e9pistage le 25 octobre 2024<\/p>\n<p>Aubou\u00e9\u00a0 : salon du bien-\u00eatre les 25 et 26 mai 2024<\/p>\n<p><span style=\"text-align: center;\">Soir\u00e9e entre coll\u00e8gues \u00e0 la maison d&rsquo;en haut le 14 mai 2024.<\/span><\/p>\n<p>Etain : salon du bien-\u00eatre le 12 mai 2024.<\/p>\n<p>Sommet virtuel \u00ab\u00a0Libre d&rsquo;\u00eatre soi\u00a0\u00bb de Robert Savoie : du 14 au 18 avril 2024. \u00a0<a href=\"https:\/\/lits.myclickfunnels.com\/inscription\">Inscription Sommet Libre d&rsquo;\u00eatre soi (myclickfunnels.com)<\/a><\/p>\n<p>March\u00e9\u00a0hebdomadaire\u00a0 de Verdun le 12 avril 2024<\/p>\n<p>Salon du bien-\u00eatre de Valleroy les 06 et 07 avril 2024<\/p>\n<p>Soir\u00e9e de la femme \u00e0 la maison d&rsquo;en haut le 12 mars 2024<\/p>\n<p>March\u00e9 hebdomadaire\u00a0 de Verdun les 08, 15 et 22 d\u00e9cembre 2023 et les 12 janvier et 02 f\u00e9vrier 2024<\/p>\n<p>Salon du bien-\u00eatre de Laxou les 11 et 12 novembre 2023<\/p>\n<p>Village de la pr\u00e9vention et du d\u00e9pistage de Verdun le 13 octobre 2023<\/p>\n<p>Salon du bien-\u00eatre d&rsquo;Hayange les 30 septembre et 01 octobre 2023<\/p>\n<p>Salon Zenergie de Virton les 23 et 24 septembre 2023<\/p>\n<p>Salon du bien-\u00eatre de Conflan en Jarnisy les 09 et 10 septembre 2023<\/p>\n<p>Portes ouverte \u00e0 la \u00ab\u00a0Maison d&rsquo;en Haut\u00a0\u00bb les 17 et 18 juin 2023<\/p>\n<p>Salon du bien-\u00eatre de Cosnes et Romain les 10 et 11 juin 2023.<\/p>\n<p>Salon du bien-\u00eatre de Aubou\u00e9 les 20 et 21 mai 2023<\/p>\n<p>Verdun : Salon du bien-\u00eatre les 22-23 octobre 2022<\/p>\n<p>Etain : salon du bien-\u00eatre les 6 et 7 mai 2022.<\/p>\n<p>&nbsp;<\/p>\n<p>&nbsp;<\/p>\n<p>Les pratiques douces utilis\u00e9es sont des pratiques non conventionnelles qui visent \u00e0 contribuer au mieux-\u00eatre ou au bien-\u00eatre de la personne. Elles ne se substituent en aucun cas \u00e0 un suivi m\u00e9dical.<\/p>\n","protected":false},"excerpt":{"rendered":"<p>Les \u00e9v\u00e8nements\u2026 \u00a0 \u00a0 \u00a0 \u00a0 \u00a0 \u00a0 \u00a0 \u00a0 \u00a0 \u00a0 \u00a0 \u00a0 \u00a0 \u00a0 \u00a0 \u00a0 \u00a0 \u00a0 \u00a0 \u00a0 \u00a0 \u00a0 \u00a0\u00a0 \u00a0 \u00a0 \u00a0 \u00a0 \u00a0 \u00a0 les salons \u00a0 \u00a0 \u00a0 \u00a0 \u00a0 \u00a0 \u00a0 \u00a0 \u00a0 \u00a0 les portes ouvertes, \u00a0 \u00a0 \u00a0 \u00a0 \u00a0 \u00a0 \u00a0 \u00a0 \u00a0 &hellip;<\/p>\n","protected":false},"author":2,"featured_media":0,"parent":0,"menu_order":0,"comment_status":"closed","ping_status":"closed","template":"","meta":{"footnotes":""},"class_list":["post-158","page","type-page","status-publish","hentry"],"_links":{"self":[{"href":"https:\/\/equilibreencorps.com\/index.php\/wp-json\/wp\/v2\/pages\/158","targetHints":{"allow":["GET"]}}],"collection":[{"href":"https:\/\/equilibreencorps.com\/index.php\/wp-json\/wp\/v2\/pages"}],"about":[{"href":"https:\/\/equilibreencorps.com\/index.php\/wp-json\/wp\/v2\/types\/page"}],"author":[{"embeddable":true,"href":"https:\/\/equilibreencorps.com\/index.php\/wp-json\/wp\/v2\/users\/2"}],"replies":[{"embeddable":true,"href":"https:\/\/equilibreencorps.com\/index.php\/wp-json\/wp\/v2\/comments?post=158"}],"version-history":[{"count":24,"href":"https:\/\/equilibreencorps.com\/index.php\/wp-json\/wp\/v2\/pages\/158\/revisions"}],"predecessor-version":[{"id":645,"href":"https:\/\/equilibreencorps.com\/index.php\/wp-json\/wp\/v2\/pages\/158\/revisions\/645"}],"wp:attachment":[{"href":"https:\/\/equilibreencorps.com\/index.php\/wp-json\/wp\/v2\/media?parent=158"}],"curies":[{"name":"wp","href":"https:\/\/api.w.org\/{rel}","templated":true}]}}

Evènements

<h1><strong><em> Les évènements…</em></strong></h1>
<h2><strong>                                             </strong><strong>              </strong><strong><img loading="lazy" decoding="async" class="alignnone wp-image-159" src="https://equilibreencorps.com/wp-content/uploads/2024/04/VERDUN-1-300x225.jpg" alt="" width="165" height="124" srcset="https://equilibreencorps.com/wp-content/uploads/2024/04/VERDUN-1-300x225.jpg 300w, https://equilibreencorps.com/wp-content/uploads/2024/04/VERDUN-1-1024x767.jpg 1024w, https://equilibreencorps.com/wp-content/uploads/2024/04/VERDUN-1-768x575.jpg 768w, https://equilibreencorps.com/wp-content/uploads/2024/04/VERDUN-1-1536x1150.jpg 1536w, https://equilibreencorps.com/wp-content/uploads/2024/04/VERDUN-1-2048x1534.jpg 2048w, https://equilibreencorps.com/wp-content/uploads/2024/04/VERDUN-1-600x450.jpg 600w" sizes="auto, (max-width: 165px) 100vw, 165px" /> les salons</strong></h2>
<h3><strong>                    <img loading="lazy" decoding="async" class="" src="https://equilibreencorps.com/wp-content/uploads/2024/04/photos-1.jpeg" width="65" height="87" />les portes ouvertes, </strong></h3>
<h2><strong>                                                                                                               les marchés, </strong></h2>
<h3><strong>                                                                            les journées de prévention</strong><strong>     </strong></h3>
<h2><strong>                    les actions commerçantes de Verdun, </strong></h2>
<h2><strong>                                                                                           </strong><strong>l</strong><strong>es conférences,</strong></h2>
<h1><strong>                                                                                               les formations,</strong></h1>
<h1><strong>                                        <img loading="lazy" decoding="async" class="" src="https://equilibreencorps.com/wp-content/uploads/2025/05/Affiche-programmes-6-mois.pdf-Votre-story-3-pdf.jpg" width="110" height="195" />les offres,                                             <img loading="lazy" decoding="async" class="" src="https://equilibreencorps.com/wp-content/uploads/2024/04/20230114_121214-scaled.jpg" width="71" height="94" />les ateliers…</strong></h1>
<p>&nbsp;</p>
<h1 style="text-align: left;"><strong><em><u><img loading="lazy" decoding="async" class="alignnone wp-image-36" src="https://equilibreencorps.com/wp-content/uploads/2023/06/FOND-SAND-DOLLAR-212x300.png" alt="" width="28" height="39" srcset="https://equilibreencorps.com/wp-content/uploads/2023/06/FOND-SAND-DOLLAR-212x300.png 212w, https://equilibreencorps.com/wp-content/uploads/2023/06/FOND-SAND-DOLLAR-724x1024.png 724w, https://equilibreencorps.com/wp-content/uploads/2023/06/FOND-SAND-DOLLAR-768x1086.png 768w, https://equilibreencorps.com/wp-content/uploads/2023/06/FOND-SAND-DOLLAR-1086x1536.png 1086w, https://equilibreencorps.com/wp-content/uploads/2023/06/FOND-SAND-DOLLAR-1448x2048.png 1448w, https://equilibreencorps.com/wp-content/uploads/2023/06/FOND-SAND-DOLLAR.png 1654w" sizes="auto, (max-width: 28px) 100vw, 28px" /> Evènements à venir…</u></em></strong></h1>
<p>&nbsp;</p>
<ul>
<li>
<h2><strong><em>nouvelle Offre d&rsquo;accompagnement : départ début juin!! nouveau départ début septembre!!</em></strong></h2>
</li>
</ul>
<h3><strong><em> </em></strong></h3>
<h3><strong><em>6 mois pour « Se libérer et pouvoir rayonner sa lumière »</em></strong></h3>
<h3><strong><em><img loading="lazy" decoding="async" class="aligncenter" src="https://equilibreencorps.com/wp-content/uploads/2025/05/Affiche-programmes-6-mois.pdf-Votre-story-3-pdf.jpg" width="368" height="655" /></em></strong></h3>
<p>&nbsp;</p>
<ul>
<li>Verdun : Marché hebdomadaire le&#8230;</li>
</ul>
<h1 style="text-align: left;"><strong><em><img loading="lazy" decoding="async" class="alignnone wp-image-36" src="https://equilibreencorps.com/wp-content/uploads/2023/06/FOND-SAND-DOLLAR-212x300.png" alt="" width="28" height="40" srcset="https://equilibreencorps.com/wp-content/uploads/2023/06/FOND-SAND-DOLLAR-212x300.png 212w, https://equilibreencorps.com/wp-content/uploads/2023/06/FOND-SAND-DOLLAR-724x1024.png 724w, https://equilibreencorps.com/wp-content/uploads/2023/06/FOND-SAND-DOLLAR-768x1086.png 768w, https://equilibreencorps.com/wp-content/uploads/2023/06/FOND-SAND-DOLLAR-1086x1536.png 1086w, https://equilibreencorps.com/wp-content/uploads/2023/06/FOND-SAND-DOLLAR-1448x2048.png 1448w, https://equilibreencorps.com/wp-content/uploads/2023/06/FOND-SAND-DOLLAR.png 1654w" sizes="auto, (max-width: 28px) 100vw, 28px" /> &#8230;Evènements passés :</em></strong></h1>
<p>Verdun : intervention  à Meuse Entreprendre et adhésion à la CPME en avril</p>
<p>Verdun : Marché hebdomadaire les 7 mars, 9 mai 2025</p>
<p>Verdun : déménagement dans nos nouveaux locaux : Le centre Holis&rsquo;team le 1er novembre 2024</p>
<p>Verdun : Village de la prévention et du dépistage le 25 octobre 2024</p>
<p>Auboué  : salon du bien-être les 25 et 26 mai 2024</p>
<p><span style="text-align: center;">Soirée entre collègues à la maison d&rsquo;en haut le 14 mai 2024.</span></p>
<p>Etain : salon du bien-être le 12 mai 2024.</p>
<p>Sommet virtuel « Libre d&rsquo;être soi » de Robert Savoie : du 14 au 18 avril 2024.  <a href="https://lits.myclickfunnels.com/inscription">Inscription Sommet Libre d&rsquo;être soi (myclickfunnels.com)</a></p>
<p>Marché hebdomadaire  de Verdun le 12 avril 2024</p>
<p>Salon du bien-être de Valleroy les 06 et 07 avril 2024</p>
<p>Soirée de la femme à la maison d&rsquo;en haut le 12 mars 2024</p>
<p>Marché hebdomadaire  de Verdun les 08, 15 et 22 décembre 2023 et les 12 janvier et 02 février 2024</p>
<p>Salon du bien-être de Laxou les 11 et 12 novembre 2023</p>
<p>Village de la prévention et du dépistage de Verdun le 13 octobre 2023</p>
<p>Salon du bien-être d&rsquo;Hayange les 30 septembre et 01 octobre 2023</p>
<p>Salon Zenergie de Virton les 23 et 24 septembre 2023</p>
<p>Salon du bien-être de Conflan en Jarnisy les 09 et 10 septembre 2023</p>
<p>Portes ouverte à la « Maison d&rsquo;en Haut » les 17 et 18 juin 2023</p>
<p>Salon du bien-être de Cosnes et Romain les 10 et 11 juin 2023.</p>
<p>Salon du bien-être de Auboué les 20 et 21 mai 2023</p>
<p>Verdun : Salon du bien-être les 22-23 octobre 2022</p>
<p>Etain : salon du bien-être les 6 et 7 mai 2022.</p>
<p>&nbsp;</p>
<p>&nbsp;</p>
<p>Les pratiques douces utilisées sont des pratiques non conventionnelles qui visent à contribuer au mieux-être ou au bien-être de la personne. Elles ne se substituent en aucun cas à un suivi médical.</p>

<p>Les évènements…                                                            les salons                     les portes ouvertes,                   &hellip;</p>
