{"id":277,"date":"2024-04-13T18:50:07","date_gmt":"2024-04-13T16:50:07","guid":{"rendered":"https:\/\/equilibreencorps.com\/?page_id=277"},"modified":"2025-10-09T22:24:19","modified_gmt":"2025-10-09T20:24:19","slug":"qui-je-suis-2","status":"publish","type":"page","link":"https:\/\/equilibreencorps.com\/index.php\/qui-je-suis-2\/","title":{"rendered":"Qui je suis ?"},"content":{"rendered":"<h1 style=\"text-align: center;\"><strong><em><u>Qui suis-je ?<\/u><\/em><\/strong><\/h1>\n<h3><\/h3>\n<p><img loading=\"lazy\" decoding=\"async\" class=\"size-medium wp-image-133 aligncenter\" src=\"https:\/\/equilibreencorps.com\/wp-content\/uploads\/2024\/04\/com-photo-officielle-CONTAUX-ALINE-200x300.jpg\" alt=\"\" width=\"200\" height=\"300\" srcset=\"https:\/\/equilibreencorps.com\/wp-content\/uploads\/2024\/04\/com-photo-officielle-CONTAUX-ALINE-200x300.jpg 200w, https:\/\/equilibreencorps.com\/wp-content\/uploads\/2024\/04\/com-photo-officielle-CONTAUX-ALINE.jpg 591w\" sizes=\"auto, (max-width: 200px) 100vw, 200px\" \/><\/p>\n<h3 style=\"text-align: center;\"><strong>Aline Contaux<\/strong><\/h3>\n<p style=\"text-align: center;\">Praticienne en <strong>Ortho-Bionomy\u00ae,<\/strong><\/p>\n<p style=\"text-align: center;\">Enseignante en<strong> APAS<\/strong> (<strong>Activit\u00e9s Physiques Adapt\u00e9es Sant\u00e9)<\/strong><\/p>\n<p style=\"text-align: center;\"><strong>Techniques de d&rsquo;\u00e9panouissement personnel<\/strong><\/p>\n<p style=\"text-align: center;\">Pratique de <strong>diapason et de pendule<\/strong><\/p>\n<p>&nbsp;<\/p>\n<h2 style=\"text-align: center;\"><strong>\u00ab\u00a0La petite f\u00e9e lib\u00e9ratrice de lumi\u00e8re\u00a0\u00bb<\/strong><\/h2>\n<p>&nbsp;<\/p>\n<p style=\"text-align: center;\"><em><strong>Empathique, bienveillante, \u00e0 l\u2019\u00e9coute, hypersensible<\/strong> et <strong>dynamique<\/strong><\/em>, je me suis \u00e9panouie dans ma formation d\u2019enseignante en APA et mon cursus Staps (ainsi qu\u2019une dizaine d\u2019ann\u00e9e en tant qu\u2019athl\u00e8te de haut niveau) lors duquel le corps a \u00e9t\u00e9 plac\u00e9 au centre de tous mes apprentissages, pour devenir ma passion.<\/p>\n<p style=\"text-align: center;\"><strong>Enseignante en activit\u00e9s physiques adapt\u00e9es<\/strong> (APA) en centre hospitalier psychiatrique et g\u00e9n\u00e9ral depuis 2005 et j\u2019ai eu l\u2019occasion de rencontrer beaucoup de personnes d\u2019univers diff\u00e9rents (handicap physique et mental, trouble psychique, d\u00e9pression, suite d\u2019op\u00e9rations diverses) qui m\u2019ont demand\u00e9 une adaptabilit\u00e9 dans mes s\u00e9ances.<\/p>\n<p style=\"text-align: center;\">Cela m\u2019a appris \u00e0 d\u00e9couvrir, \u00e0 m\u2019ouvrir \u00e0 l\u2019autre et \u00e0 y \u00eatre sensible avec une <strong>qualit\u00e9 d\u2019\u00e9coute bienveillante et sans jugement. <\/strong><\/p>\n<p style=\"text-align: center;\">J\u2018ai rapidement compris l\u2019int\u00e9r\u00eat de me former et de proposer des <strong>s\u00e9ances de relaxation<\/strong> et de bien-\u00eatre aupr\u00e8s de des diff\u00e9rents publics rencontr\u00e9s et du personnel de mon service (pendant la p\u00e9riode covid et lors de la journ\u00e9e \u00ab\u00a0bien-\u00eatre au travail\u00a0\u00bb).<\/p>\n<p style=\"text-align: center;\">Depuis 2016, je me suis form\u00e9e \u00e0 la pratique de l\u2019<strong>Ortho-Bionomy\u00ae <\/strong>et suis devenue<strong> praticienne <\/strong>depuis 2020.<\/p>\n<p style=\"text-align: center;\">C\u2019est une approche <strong>manuelle douce et \u00e9ducative<\/strong> cr\u00e9\u00e9e par un docteur en ost\u00e9opathie canadien (le docteur Arthur Lincoln Pauls) qui vise \u00e0 proposer au corps le chemin <em>le plus simple et le plus naturel<\/em> pour lui se rel\u00e2cher selon le principe d&rsquo;<strong>autor\u00e9gulation<\/strong> que nous avons tous en nous et qui est propre \u00e0 chacun !<\/p>\n<p style=\"text-align: center;\">Cette approche m\u2019a tout de suite \u00ab parl\u00e9e \u00bb.<\/p>\n<p style=\"text-align: center;\">Ce qui m\u2019a convaincu\u00a0?<\/p>\n<p style=\"text-align: center;\">Son efficacit\u00e9 quant au <strong>soulagement<\/strong> des crispations de tout ordre, gr\u00e2ce au rel\u00e2chement le plus total, en respectant le corps avec la plus <strong>grande douceur<\/strong> et dans la <strong>non douleur <\/strong><\/p>\n<p style=\"text-align: center;\">(en allant dans son sens, sans le brusquer), au rythme de la personne qui prise en compte dans sa <strong>globalit\u00e9<\/strong>, et avec toute sa <strong>sensibilit\u00e9<\/strong>.<\/p>\n<p style=\"text-align: center;\">Cette pratique a pour vis\u00e9e de redonner l\u2019autonomie au corps et travaille tant sur le plan <strong>physique<\/strong> qu\u2019<strong>\u00e9motionnel<\/strong>.<\/p>\n<p style=\"text-align: center;\">Au-del\u00e0 d\u2019une pratique, c\u2019est devenu une philosophie de vie pour moi qui s\u2019applique dans toutes les sph\u00e8res de mon quotidien !<\/p>\n<p style=\"text-align: center;\">Et j\u2019ai h\u00e2te de partager tout cela\u00a0au plus grand nombre !!!<\/p>\n<p style=\"text-align: center;\">Form\u00e9e \u00e0 la pratique de <strong>diapason <\/strong>en 2019 et du<strong> pendule<\/strong>, j\u2019ai aussi suivi plusieurs cursus (plusieurs ann\u00e9es) en <strong>d\u00e9veloppement personnel aupr\u00e8s de Robert Savoie <\/strong>notamment, ainsi qu\u2019une <strong>initiation \u00e0 l\u2019hypnose et \u00e0 l\u2019EFT<\/strong>.<\/p>\n<p style=\"text-align: center;\"><strong><em>Cela peut permettre \u00e0 chaque individu de se d\u00e9poser et d\u2019apaiser sa douleurs et\/ou ses conflits int\u00e9rieurs qui peuvent \u00eatre de toute origine.<\/em><\/strong><\/p>\n<p style=\"text-align: center;\">Lors de mes 14 ann\u00e9es d\u2019enseignante en APA en service de r\u00e9\u00e9ducation fonctionnelle, j\u2019ai \u00e9galement cherch\u00e9 \u00e0 r\u00e9pondre au besoin des patients\u00a0: \u00eatre entendus et reconnus dans leurs douleurs, et avoir une \u00e9coute bienveillante pour exprimer de ce qui est l\u00e0 pour eux quant \u00e0 leur mal-\u00eatre.<\/p>\n<p>&nbsp;<\/p>\n<h4 style=\"text-align: center;\">Forte de cette exp\u00e9rience, il est maintenant temps pour moi de mettre <strong>tout mon savoir-faire<\/strong> et <strong>mon savoir-\u00eatre<\/strong> au service de tout public demandeur,<\/h4>\n<h4 style=\"text-align: center;\">en m\u00ealant la pratique de l\u2019<em>Ortho-Bionomy\u00ae<\/em>, du <em>pendule<\/em> ou encore des <em>diapasons<\/em>\u00a0qui vient m\u00ealer les bienfaits des vibrations aux confort d\u00e9j\u00e0 propos\u00e9,<\/h4>\n<h4 style=\"text-align: center;\"><em>aux techniques de d\u00e9veloppement personnel<\/em> (qui m\u2019ont beaucoup aid\u00e9 \u00e0 avancer sur mon chemin de vie).<\/h4>\n<p style=\"text-align: center;\"><strong><em><u>Vous souhaitez un rdv ?\u00a0<\/u><\/em><\/strong><\/p>\n<p style=\"text-align: center;\">Pratique d&rsquo;<strong>accompagnement global\u00a0<\/strong>et de l&rsquo;<strong>Activit\u00e9 Physique Adapt\u00e9e\u00a0<\/strong><\/p>\n<p style=\"text-align: center;\">au centre Holis&rsquo;team au 11 rue Saint Louis \u00e0 Verdun, \u00e0 Domicile ou en distanciel<\/p>\n<p style=\"text-align: center;\"><a href=\"mailto:Alinecontaux.orthobionomy@gmail.com\">contact@equilibreencorps.com<\/a><\/p>\n<p style=\"text-align: center;\">T\u00e9l. 06 08 938 721<\/p>\n","protected":false},"excerpt":{"rendered":"<p>Qui suis-je ? Aline Contaux Praticienne en Ortho-Bionomy\u00ae, Enseignante en APAS (Activit\u00e9s Physiques Adapt\u00e9es Sant\u00e9) Techniques de d&rsquo;\u00e9panouissement personnel Pratique de diapason et de pendule &nbsp; \u00ab\u00a0La petite f\u00e9e lib\u00e9ratrice de lumi\u00e8re\u00a0\u00bb &nbsp; Empathique, bienveillante, \u00e0 l\u2019\u00e9coute, hypersensible et dynamique, je me suis \u00e9panouie dans ma formation d\u2019enseignante en APA et mon cursus Staps (ainsi &hellip;<\/p>\n","protected":false},"author":1,"featured_media":0,"parent":0,"menu_order":0,"comment_status":"closed","ping_status":"closed","template":"","meta":{"footnotes":""},"class_list":["post-277","page","type-page","status-publish","hentry"],"_links":{"self":[{"href":"https:\/\/equilibreencorps.com\/index.php\/wp-json\/wp\/v2\/pages\/277","targetHints":{"allow":["GET"]}}],"collection":[{"href":"https:\/\/equilibreencorps.com\/index.php\/wp-json\/wp\/v2\/pages"}],"about":[{"href":"https:\/\/equilibreencorps.com\/index.php\/wp-json\/wp\/v2\/types\/page"}],"author":[{"embeddable":true,"href":"https:\/\/equilibreencorps.com\/index.php\/wp-json\/wp\/v2\/users\/1"}],"replies":[{"embeddable":true,"href":"https:\/\/equilibreencorps.com\/index.php\/wp-json\/wp\/v2\/comments?post=277"}],"version-history":[{"count":8,"href":"https:\/\/equilibreencorps.com\/index.php\/wp-json\/wp\/v2\/pages\/277\/revisions"}],"predecessor-version":[{"id":643,"href":"https:\/\/equilibreencorps.com\/index.php\/wp-json\/wp\/v2\/pages\/277\/revisions\/643"}],"wp:attachment":[{"href":"https:\/\/equilibreencorps.com\/index.php\/wp-json\/wp\/v2\/media?parent=277"}],"curies":[{"name":"wp","href":"https:\/\/api.w.org\/{rel}","templated":true}]}}

<h1 style="text-align: center;"><strong><em><u>Qui suis-je ?</u></em></strong></h1>
<h3></h3>
<p><img loading="lazy" decoding="async" class="size-medium wp-image-133 aligncenter" src="https://equilibreencorps.com/wp-content/uploads/2024/04/com-photo-officielle-CONTAUX-ALINE-200x300.jpg" alt="" width="200" height="300" srcset="https://equilibreencorps.com/wp-content/uploads/2024/04/com-photo-officielle-CONTAUX-ALINE-200x300.jpg 200w, https://equilibreencorps.com/wp-content/uploads/2024/04/com-photo-officielle-CONTAUX-ALINE.jpg 591w" sizes="auto, (max-width: 200px) 100vw, 200px" /></p>
<h3 style="text-align: center;"><strong>Aline Contaux</strong></h3>
<p style="text-align: center;">Praticienne en <strong>Ortho-Bionomy®,</strong></p>
<p style="text-align: center;">Enseignante en<strong> APAS</strong> (<strong>Activités Physiques Adaptées Santé)</strong></p>
<p style="text-align: center;"><strong>Techniques de d&rsquo;épanouissement personnel</strong></p>
<p style="text-align: center;">Pratique de <strong>diapason et de pendule</strong></p>
<p>&nbsp;</p>
<h2 style="text-align: center;"><strong>« La petite fée libératrice de lumière »</strong></h2>
<p>&nbsp;</p>
<p style="text-align: center;"><em><strong>Empathique, bienveillante, à l’écoute, hypersensible</strong> et <strong>dynamique</strong></em>, je me suis épanouie dans ma formation d’enseignante en APA et mon cursus Staps (ainsi qu’une dizaine d’année en tant qu’athlète de haut niveau) lors duquel le corps a été placé au centre de tous mes apprentissages, pour devenir ma passion.</p>
<p style="text-align: center;"><strong>Enseignante en activités physiques adaptées</strong> (APA) en centre hospitalier psychiatrique et général depuis 2005 et j’ai eu l’occasion de rencontrer beaucoup de personnes d’univers différents (handicap physique et mental, trouble psychique, dépression, suite d’opérations diverses) qui m’ont demandé une adaptabilité dans mes séances.</p>
<p style="text-align: center;">Cela m’a appris à découvrir, à m’ouvrir à l’autre et à y être sensible avec une <strong>qualité d’écoute bienveillante et sans jugement. </strong></p>
<p style="text-align: center;">J‘ai rapidement compris l’intérêt de me former et de proposer des <strong>séances de relaxation</strong> et de bien-être auprès de des différents publics rencontrés et du personnel de mon service (pendant la période covid et lors de la journée « bien-être au travail »).</p>
<p style="text-align: center;">Depuis 2016, je me suis formée à la pratique de l’<strong>Ortho-Bionomy® </strong>et suis devenue<strong> praticienne </strong>depuis 2020.</p>
<p style="text-align: center;">C’est une approche <strong>manuelle douce et éducative</strong> créée par un docteur en ostéopathie canadien (le docteur Arthur Lincoln Pauls) qui vise à proposer au corps le chemin <em>le plus simple et le plus naturel</em> pour lui se relâcher selon le principe d&rsquo;<strong>autorégulation</strong> que nous avons tous en nous et qui est propre à chacun !</p>
<p style="text-align: center;">Cette approche m’a tout de suite « parlée ».</p>
<p style="text-align: center;">Ce qui m’a convaincu ?</p>
<p style="text-align: center;">Son efficacité quant au <strong>soulagement</strong> des crispations de tout ordre, grâce au relâchement le plus total, en respectant le corps avec la plus <strong>grande douceur</strong> et dans la <strong>non douleur </strong></p>
<p style="text-align: center;">(en allant dans son sens, sans le brusquer), au rythme de la personne qui prise en compte dans sa <strong>globalité</strong>, et avec toute sa <strong>sensibilité</strong>.</p>
<p style="text-align: center;">Cette pratique a pour visée de redonner l’autonomie au corps et travaille tant sur le plan <strong>physique</strong> qu’<strong>émotionnel</strong>.</p>
<p style="text-align: center;">Au-delà d’une pratique, c’est devenu une philosophie de vie pour moi qui s’applique dans toutes les sphères de mon quotidien !</p>
<p style="text-align: center;">Et j’ai hâte de partager tout cela au plus grand nombre !!!</p>
<p style="text-align: center;">Formée à la pratique de <strong>diapason </strong>en 2019 et du<strong> pendule</strong>, j’ai aussi suivi plusieurs cursus (plusieurs années) en <strong>développement personnel auprès de Robert Savoie </strong>notamment, ainsi qu’une <strong>initiation à l’hypnose et à l’EFT</strong>.</p>
<p style="text-align: center;"><strong><em>Cela peut permettre à chaque individu de se déposer et d’apaiser sa douleurs et/ou ses conflits intérieurs qui peuvent être de toute origine.</em></strong></p>
<p style="text-align: center;">Lors de mes 14 années d’enseignante en APA en service de rééducation fonctionnelle, j’ai également cherché à répondre au besoin des patients : être entendus et reconnus dans leurs douleurs, et avoir une écoute bienveillante pour exprimer de ce qui est là pour eux quant à leur mal-être.</p>
<p>&nbsp;</p>
<h4 style="text-align: center;">Forte de cette expérience, il est maintenant temps pour moi de mettre <strong>tout mon savoir-faire</strong> et <strong>mon savoir-être</strong> au service de tout public demandeur,</h4>
<h4 style="text-align: center;">en mêlant la pratique de l’<em>Ortho-Bionomy®</em>, du <em>pendule</em> ou encore des <em>diapasons</em> qui vient mêler les bienfaits des vibrations aux confort déjà proposé,</h4>
<h4 style="text-align: center;"><em>aux techniques de développement personnel</em> (qui m’ont beaucoup aidé à avancer sur mon chemin de vie).</h4>
<p style="text-align: center;"><strong><em><u>Vous souhaitez un rdv ? </u></em></strong></p>
<p style="text-align: center;">Pratique d&rsquo;<strong>accompagnement global </strong>et de l&rsquo;<strong>Activité Physique Adaptée </strong></p>
<p style="text-align: center;">au centre Holis&rsquo;team au 11 rue Saint Louis à Verdun, à Domicile ou en distanciel</p>
<p style="text-align: center;"><a href="mailto:Alinecontaux.orthobionomy@gmail.com">contact@equilibreencorps.com</a></p>
<p style="text-align: center;">Tél. 06 08 938 721</p>

<p>Qui suis-je ? Aline Contaux Praticienne en Ortho-Bionomy®, Enseignante en APAS (Activités Physiques Adaptées Santé) Techniques de d&rsquo;épanouissement personnel Pratique de diapason et de pendule &nbsp; « La petite fée libératrice de lumière » &nbsp; Empathique, bienveillante, à l’écoute, hypersensible et dynamique, je me suis épanouie dans ma formation d’enseignante en APA et mon cursus Staps (ainsi &hellip;</p>
